{"id":20189,"date":"2025-08-07T22:04:42","date_gmt":"2025-08-07T20:04:42","guid":{"rendered":"https:\/\/sokolskapark.pl\/?page_id=20189"},"modified":"2025-08-07T22:12:12","modified_gmt":"2025-08-07T20:12:12","slug":"inwestycje-kontakt","status":"publish","type":"page","link":"https:\/\/sokolskapark.pl\/index.php\/inwestycje-kontakt\/","title":{"rendered":"Inwestycje Kontakt"},"content":{"rendered":"\t\t<div data-elementor-type=\"wp-page\" data-elementor-id=\"20189\" class=\"elementor elementor-20189\">\n\t\t\t\t\t\t<section class=\"elementor-section elementor-top-section elementor-element elementor-element-7284cb70 elementor-section-stretched elementor-section-height-min-height elementor-section-boxed elementor-section-height-default elementor-section-items-middle\" data-id=\"7284cb70\" data-element_type=\"section\" data-e-type=\"section\" data-settings=\"{&quot;stretch_section&quot;:&quot;section-stretched&quot;,&quot;background_background&quot;:&quot;classic&quot;,&quot;shape_divider_top&quot;:&quot;tilt&quot;,&quot;shape_divider_bottom&quot;:&quot;tilt&quot;}\">\n\t\t\t\t\t\t\t<div class=\"elementor-background-overlay\"><\/div>\n\t\t\t\t\t\t<div class=\"elementor-shape elementor-shape-top\" aria-hidden=\"true\" data-negative=\"false\">\n\t\t\t<svg xmlns=\"http:\/\/www.w3.org\/2000\/svg\" viewBox=\"0 0 1000 100\" preserveAspectRatio=\"none\">\n\t<path class=\"elementor-shape-fill\" d=\"M0,6V0h1000v100L0,6z\"\/>\n<\/svg>\t\t<\/div>\n\t\t\t\t<div class=\"elementor-shape elementor-shape-bottom\" aria-hidden=\"true\" data-negative=\"false\">\n\t\t\t<svg xmlns=\"http:\/\/www.w3.org\/2000\/svg\" viewBox=\"0 0 1000 100\" preserveAspectRatio=\"none\">\n\t<path class=\"elementor-shape-fill\" d=\"M0,6V0h1000v100L0,6z\"\/>\n<\/svg>\t\t<\/div>\n\t\t\t\t\t<div class=\"elementor-container elementor-column-gap-default\">\n\t\t\t\t\t<div class=\"elementor-column elementor-col-100 elementor-top-column elementor-element elementor-element-22d9422c\" data-id=\"22d9422c\" data-element_type=\"column\" data-e-type=\"column\">\n\t\t\t<div class=\"elementor-widget-wrap elementor-element-populated\">\n\t\t\t\t\t\t<section class=\"elementor-section elementor-inner-section elementor-element elementor-element-38eec783 elementor-section-boxed elementor-section-height-default elementor-section-height-default\" data-id=\"38eec783\" data-element_type=\"section\" data-e-type=\"section\" id=\"kontakt\">\n\t\t\t\t\t\t<div class=\"elementor-container elementor-column-gap-default\">\n\t\t\t\t\t<div class=\"elementor-column elementor-col-50 elementor-inner-column elementor-element elementor-element-544d1bb0\" data-id=\"544d1bb0\" data-element_type=\"column\" data-e-type=\"column\">\n\t\t\t<div class=\"elementor-widget-wrap elementor-element-populated\">\n\t\t\t\t\t\t<div class=\"elementor-element elementor-element-74f46b88 elementor-widget elementor-widget-heading\" data-id=\"74f46b88\" data-element_type=\"widget\" data-e-type=\"widget\" data-widget_type=\"heading.default\">\n\t\t\t\t<div class=\"elementor-widget-container\">\n\t\t\t\t\t<h2 class=\"elementor-heading-title elementor-size-default\"><strong data-start=\"132\" data-end=\"169\">Napisz do naszego biura sprzeda\u017cy<\/strong><\/h2>\t\t\t\t<\/div>\n\t\t\t\t<\/div>\n\t\t\t\t<div class=\"elementor-element elementor-element-2953eaca animated-slow elementor-invisible elementor-widget elementor-widget-text-editor\" data-id=\"2953eaca\" data-element_type=\"widget\" data-e-type=\"widget\" data-settings=\"{&quot;_animation&quot;:&quot;fadeIn&quot;,&quot;_animation_delay&quot;:200}\" data-widget_type=\"text-editor.default\">\n\t\t\t\t<div class=\"elementor-widget-container\">\n\t\t\t\t\t\t\t\t\t<p style=\"font-size: 24px;\" data-start=\"171\" data-end=\"369\">\n  Masz pytania? Chcesz obejrze\u0107 inwestycj\u0119 lub porozmawia\u0107 o dost\u0119pnych lokalach?<br data-start=\"250\" data-end=\"253\" \/>\n  Skontaktuj si\u0119 z nami \u2013 ch\u0119tnie pomo\u017cemy i um\u00f3wimy spotkanie w dogodnym terminie.<br data-start=\"334\" data-end=\"337\" \/>\n  Ch\u0119tnie przedstawimy szczeg\u00f3\u0142y inwestycji i odpowiemy na wszystkie Twoje w\u0105tpliwo\u015bci.\n<\/p>\n\t\t\t\t\t\t\t\t<\/div>\n\t\t\t\t<\/div>\n\t\t\t\t\t<\/div>\n\t\t<\/div>\n\t\t\t\t<div class=\"elementor-column elementor-col-50 elementor-inner-column elementor-element elementor-element-23c0b12b\" data-id=\"23c0b12b\" data-element_type=\"column\" data-e-type=\"column\" data-settings=\"{&quot;background_background&quot;:&quot;classic&quot;}\">\n\t\t\t<div class=\"elementor-widget-wrap elementor-element-populated\">\n\t\t\t\t\t\t<div class=\"elementor-element elementor-element-35a6b767 animated-slow elementor-invisible elementor-widget elementor-widget-heading\" data-id=\"35a6b767\" data-element_type=\"widget\" data-e-type=\"widget\" data-settings=\"{&quot;_animation&quot;:&quot;fadeIn&quot;,&quot;_animation_delay&quot;:200}\" data-widget_type=\"heading.default\">\n\t\t\t\t<div class=\"elementor-widget-container\">\n\t\t\t\t\t<h2 class=\"elementor-heading-title elementor-size-default\">Skontaktuj si\u0119 z nami<\/h2>\t\t\t\t<\/div>\n\t\t\t\t<\/div>\n\t\t\t\t<div class=\"elementor-element elementor-element-6e2e54ae animated-slow elementor-invisible elementor-widget elementor-widget-text-editor\" data-id=\"6e2e54ae\" data-element_type=\"widget\" data-e-type=\"widget\" data-settings=\"{&quot;_animation&quot;:&quot;fadeIn&quot;,&quot;_animation_delay&quot;:200}\" data-widget_type=\"text-editor.default\">\n\t\t\t\t<div class=\"elementor-widget-container\">\n\t\t\t\t\t\t\t\t\t<p>Je\u017celi masz pytanie wype\u0142nij ten formularz.<\/p><p>Odpowiemy na niego jak najszybciej.<\/p>\t\t\t\t\t\t\t\t<\/div>\n\t\t\t\t<\/div>\n\t\t\t\t<div class=\"elementor-element elementor-element-5c1d2876 elementor-widget elementor-widget-WpResidence_Contact_Form\" data-id=\"5c1d2876\" data-element_type=\"widget\" data-e-type=\"widget\" data-widget_type=\"WpResidence_Contact_Form.default\">\n\t\t\t\t<div class=\"elementor-widget-container\">\n\t\t\t\t\t<div class=\"wpestate_contact_form_parent shortcode_contact_form sh_form_align_left\">\n                <div class=\"alert-message\" id=\"footer_alert-agent-contact_sh\"><\/div><input style=\"background:#ECF7F9 !important;\" placeholder=\"Twoje imi\u0119\" required=\"required\" id=\"foot_contact_name_sh\" name=\"contact_name\" class=\"form-control\" type=\"text\"><input style=\"background:#ECF7F9 !important;\" placeholder=\"Tw\u00f3j email\" required=\"required\" id=\"foot_contact_email_sh\" name=\"contact_email\" class=\"form-control wpestate-form-control-sh\" type=\"email\"><input style=\"background:#ECF7F9 !important;\" placeholder=\"Tw\u00f3j telefon\" required=\"required\" id=\"foot_contact_phone_sh\" name=\"contact_phone\" class=\"form-control wpestate-form-control-sh\" type=\"email\"><textarea style=\"background:#ECF7F9 !important;\" placeholder=\"Wpisz swoj\u0105 wiadomo\u015b\u0107...\" required=\"required\" id=\"foot_contact_content_sh\" name=\"contact_content\" class=\"form-control wpestate-form-control-sh\" rows=\"4\"><\/textarea><input type=\"hidden\" name=\"contact_ajax_nonce\" id=\"agent_property_ajax_nonce\" value=\"1705be0a03\" \/>        <div class=\"gpr_wrapper\">\n            <input type=\"checkbox\" role=\"checkbox\" aria-checked=\"false\" \n                   id=\"wpestate_agree_gdpr\" \n                   class=\"wpestate_agree_gdpr\" \n                   name=\"wpestate_agree_gdpr\" \/>\n            <label class=\"wpestate_gdpr_label\" for=\"wpestate_agree_gdpr\">\n                Wyra\u017cam zgod\u0119 na \n                <a target=\"_blank\" href=\"https:\/\/sokolskapark.pl\/\">\n                    Warunki RODO                <\/a>\n            <\/label>\n        <\/div>\n        <div class=\"btn-cont\">\n                <button type=\"submit\" id=\"btn-cont-submit_sh\" class=\"wpresidence_button sh_but_1\">Wy\u015blij wiadomo\u015b\u0107<\/button>\n                <input type=\"hidden\" value=\"\" name=\"contact_to\">\n                <div class=\"bottom-arrow\"><\/div>\n            <\/div>\n        <\/div><style>\n                .shortcode_contact_form textarea::-webkit-input-placeholder,\n                .shortcode_contact_form input::-webkit-input-placeholder {\n                    color:  !important;\n                }\n            <\/style>\n            <script type=\"text\/javascript\">\n                jQuery(document).ready(function(){\n                    wpestate_contact_us_shortcode();\n                });\n            <\/script>\t\t\t\t<\/div>\n\t\t\t\t<\/div>\n\t\t\t\t\t<\/div>\n\t\t<\/div>\n\t\t\t\t\t<\/div>\n\t\t<\/section>\n\t\t\t\t\t<\/div>\n\t\t<\/div>\n\t\t\t\t\t<\/div>\n\t\t<\/section>\n\t\t\t\t<\/div>\n\t\t","protected":false},"excerpt":{"rendered":"<p>Napisz do naszego biura sprzeda\u017cy Masz pytania? Chcesz obejrze\u0107 inwestycj\u0119 lub porozmawia\u0107 o dost\u0119pnych lokalach? Skontaktuj si\u0119 z nami \u2013 ch\u0119tnie pomo\u017cemy i um\u00f3wimy spotkanie w dogodnym terminie. Ch\u0119tnie przedstawimy szczeg\u00f3\u0142y inwestycji i odpowiemy na wszystkie Twoje w\u0105tpliwo\u015bci. Skontaktuj si\u0119 z nami Je\u017celi masz pytanie wype\u0142nij ten formularz. Odpowiemy na niego jak najszybciej. Wyra\u017cam zgod\u0119 na Warunki RODO Wy\u015blij wiadomo\u015b\u0107<\/p>\n","protected":false},"author":1,"featured_media":0,"parent":0,"menu_order":0,"comment_status":"closed","ping_status":"closed","template":"elementor_header_footer","meta":{"om_disable_all_campaigns":false,"inline_featured_image":false,"_monsterinsights_skip_tracking":false,"_monsterinsights_sitenote_active":false,"_monsterinsights_sitenote_note":"","_monsterinsights_sitenote_category":0,"footnotes":""},"class_list":["post-20189","page","type-page","status-publish","hentry"],"aioseo_notices":[],"_links":{"self":[{"href":"https:\/\/sokolskapark.pl\/index.php\/wp-json\/wp\/v2\/pages\/20189","targetHints":{"allow":["GET"]}}],"collection":[{"href":"https:\/\/sokolskapark.pl\/index.php\/wp-json\/wp\/v2\/pages"}],"about":[{"href":"https:\/\/sokolskapark.pl\/index.php\/wp-json\/wp\/v2\/types\/page"}],"author":[{"embeddable":true,"href":"https:\/\/sokolskapark.pl\/index.php\/wp-json\/wp\/v2\/users\/1"}],"replies":[{"embeddable":true,"href":"https:\/\/sokolskapark.pl\/index.php\/wp-json\/wp\/v2\/comments?post=20189"}],"version-history":[{"count":7,"href":"https:\/\/sokolskapark.pl\/index.php\/wp-json\/wp\/v2\/pages\/20189\/revisions"}],"predecessor-version":[{"id":20196,"href":"https:\/\/sokolskapark.pl\/index.php\/wp-json\/wp\/v2\/pages\/20189\/revisions\/20196"}],"wp:attachment":[{"href":"https:\/\/sokolskapark.pl\/index.php\/wp-json\/wp\/v2\/media?parent=20189"}],"curies":[{"name":"wp","href":"https:\/\/api.w.org\/{rel}","templated":true}]}}